ens digit of s(-9)?
1
Let x be -2 - (1/(-1) - -11). Let v = 17 + x. Suppose m - v*k = 14, -2*k - 8 = -4*m + 30. What is the units digit of m?
9
Suppose 5*a + 0*s = -s + 9, a = -2*s. Let y = 13 - a. What is the units digit of y?
1
Let n(i) = 5*i + 7. Let t = -6 - -11. Let c be n(t). Suppose -5*s + c = -s. What is the units digit of s?
8
Let p(r) = -r**3 - 4*r**2 + 4. Let f be p(-4). Suppose -4 = f*u, 5*u = k + 2 - 14. Let i = -6 + k. What is the units digit of i?
1
Let a = 9 - 6. Let x = 9 - a. What is the units digit of x?
6
Suppose -k = -15 - 8. What is the units digit of k?
3
Suppose -8 = 2*j - 0*j. What is the units digit of (3/j)/((-4)/64)?
2
Let p be (-2)/(-1) - 0/1. What is the units digit of (-1)/2*-5*p?
5
Let v(k) = 47*k - 2. What is the units digit of v(2)?
2
What is the hundreds digit of (3 - 373)*6/(-15)?
1
Let x(l) = -l**2 - 2*l - 3. Let b be x(-3). Suppose -6*f - 15 = -f. What is the units digit of ((-9)/f)/((-2)/b)?
9
Suppose z = 5 - 0. Suppose 3*l + 40 = z*l. What is the units digit of l?
0
Suppose -5*c + 23 = -2*i, -4*i + 15 = -7*i + c. Let q(m) = m**2 + 4*m + 1. Let t be q(i). Suppose p = -g + t, 8*g - 5 = 3*g + p. What is the units digit of g?
1
Suppose -3*j + 2*o = j - 4, -4*j + 4*o = -12. What is the tens digit of j*(-27 + 2) - 1?
2
Let f = -77 + 115. What is the tens digit of f?
3
What is the tens digit of -2 + 8 + -4 - -14?
1
Let j = -4 - 0. Suppose 0 = 3*t - 31 - 14. Let p = j + t. What is the tens digit of p?
1
Let s = 19 - 19. What is the units digit of s + 4/((-12)/(-15))?
5
Let q = -3 - -3. Let r = q - 0. Suppose 3*s + 2*s + 4*z - 23 = r, -4*s + 4*z + 4 = 0. What is the units digit of s?
3
Suppose 92 = 5*h - 33. What is the tens digit of h?
2
What is the units digit of 3*533/9 - (-1)/3?
8
Let g be -9 + (-2)/(2/(-2)). Let u = g - -14. What is the units digit of u - (1 - -2)/(-3)?
8
Let g(a) = -a - 1. Let u be (4 + 3)*6/7. Suppose -2*o + 2 = u. What is the units digit of g(o)?
1
Suppose -4*o = -2*o + 2. Let v be (28/2)/((-2)/o). Suppose -2*h + v = -11. What is the units digit of h?
9
Let w(u) = -16*u - 20. Let y be (4/6)/(3/(-9)). Let g(c) = -3*c - 4. Let s(i) = y*w(i) + 11*g(i). What is the units digit of s(-8)?
4
Let j(d) = d - 2. What is the units digit of j(6)?
4
Let m(g) = -g - 4. What is the units digit of m(-9)?
5
What is the units digit of (9/(-21))/((-5)/35)?
3
Let g(d) = -24*d + 50. What is the tens digit of g(-5)?
7
Let r be (-26)/(-6) + (-5)/15. Suppose 0 = -3*k - r*s + 41, -k - 4*k + 83 = 3*s. What is the tens digit of k?
1
Suppose 4*o - 276 = -2*q, 3*q - 7*o = -5*o + 438. What is the units digit of q?
4
Let u(r) = r**2 - 20. What is the units digit of u(9)?
1
What is the units digit of (-6 - -8)/(2/5)?
5
Let o = 113 - 70. What is the units digit of o?
3
Suppose -168 = 34*n - 36*n. What is the units digit of n?
4
Suppose 3*k + 85 = 7*k - 3*t, 0 = -3*k - t + 67. What is the tens digit of k?
2
Suppose 0 = -k + d + 6, 4*k - 3*d = -2 + 24. Suppose -i = 0, -k*i + i + 13 = b. What is the tens digit of b?
1
Let u = -12 - -13. What is the units digit of u?
1
Let t = -1 - 51. Let g = t + 82. What is the tens digit of g?
3
Let f(m) = m**2 - m + 16. Let j be (-1 + 1)/(2 + 0). What is the tens digit of f(j)?
1
Let a = -9 + 6. What is the units digit of 1 - 0 - (a - 15)?
9
Let y = -15 - -17. Suppose -o + y*o - 3 = 0, -o = -d + 18. What is the units digit of d?
1
Suppose -4*k - 64 = -6*k. Let u = k - 16. What is the tens digit of u?
1
Let i be (-2)/(-3) - 26/(-6). Suppose 0 = i*w + 28 - 78. What is the tens digit of w?
1
Let d = 1 + 1. Suppose 3*h = 10 + d. Suppose -h*j + 20 = 0, -3*k = -k + 3*j - 27. What is the units digit of k?
6
Suppose -2*o + 6 = 2*a - 12, -5*a + 3 = -2*o. Suppose 3*n - o*n + 123 = 0. Suppose 4*z - 9 - 9 = -5*g, -n = -5*z + 3*g. What is the units digit of z?
7
Let p = -35 - -49. What is the units digit of p?
4
Let x(l) = l + 17. What is the tens digit of x(13)?
3
What is the hundreds digit of (-20)/8*(-1416)/15?
2
Let y(l) = 3*l**2 - 2*l**3 - 4*l + 2 + 6*l + 2*l**3 - 4*l**3. What is the units digit of y(-2)?
2
Suppose 2*y - 4*z + 10 = 0, -y - 6*z = -2*z - 25. What is the units digit of y?
5
Let l(k) = k**3 + 8*k**2 - 4*k - 4. What is the units digit of l(-7)?
3
Suppose 2*t = -22 + 4. Let h(v) = -v**3 - 9*v**2 - v + 6. Let r be h(t). Let z = r + -9. What is the units digit of z?
6
Let p = -454 - -835. What is the units digit of p?
1
Let p = -8 + 10. Suppose -3*j = -0*g - p*g - 3, -3*g = 3*j - 18. What is the units digit of g?
3
Let q = 11 - 18. Let t(y) be the third derivative of y**4/24 + 5*y**3/3 - y**2. What is the units digit of t(q)?
3
What is the tens digit of (-108)/(-2) - 0/(-5 + -1)?
5
Let q be (-22)/(4 - (-2 + 4)). Let m(x) = -5*x - 3. Let l be m(-4). Let s = q + l. What is the units digit of s?
6
Suppose 2*h + 6 = 5*h. Suppose -h*s - 6 = 0, -g + 3 = s + s. What is the units digit of g?
9
Let h(c) = -2*c - 1. Let n(w) = -w**3 - 1. Let a be n(1). What is the units digit of h(a)?
3
Suppose 3*u = -u. Suppose z - 5 - 6 = u. What is the units digit of z?
1
Let x be 144/27*(-3)/(-2). Let w = -3 + x. What is the units digit of w?
5
Suppose b + 3 = -3*u - 5, 4*b = 4*u + 32. Let k(c) = -3*c**3 + 3*c**3 + 9*c**2 + c**3 + b + 9 + c. What is the units digit of k(-9)?
4
Suppose r - 4 = -2. Let u(j) = j**2 - j + 1. Let c be u(r). What is the units digit of (-1)/c*(-41 - -2)?
3
Suppose 115 + 57 = 4*x. What is the units digit of x?
3
What is the tens digit of 59 + 0 + (-5)/(-5)?
6
Let n = -2 + 6. Suppose n*j = 4*f - 112, 94 = 3*f + j + j. What is the tens digit of f?
3
Suppose 20 = 5*h - 0*h. Let v = h + 8. What is the tens digit of v?
1
Suppose -2*s + 55 = -31. Let a = s + -18. What is the units digit of a?
5
Let j = 14 + -5. Let i be ((-6)/j)/((-4)/6). What is the units digit of (-4)/((-4)/3) + i?
4
What is the tens digit of 2*-1*29/(-1)?
5
Let w be (-67)/(-7) + 3/7. Suppose 2*p - 1 = -2*h - 5, 5*p = 5*h + w. Suppose p*a - a + 5 = 0. What is the units digit of a?
5
Let k(m) = -2*m + 2*m + 2 - 6 - m. Let c = 6 - 13. What is the units digit of k(c)?
3
Let r = 4 - 6. Let i be 1 - (-2 + (-18)/r). What is the units digit of (-4)/(-2*(-3)/i)?
4
What is the tens digit of (-180)/(-13) + (-2)/(-13)?
1
What is the tens digit of (1/(-2) + 0)/(27/(-3888))?
7
Suppose 3*h + 4 = 10. Let o(z) = 4*z**2 - 4*z + 3. What is the tens digit of o(h)?
1
Let y(s) = 2*s + 4. Let q be y(3). Let o = 5 - q. What is the units digit of (o/4)/((-3)/12)?
5
Let g(q) be the third derivative of 13*q**4/24 + 2*q**3/3 + 3*q**2. Let s be g(3). Suppose -4*v + s = 3. What is the units digit of v?
0
Let k be (12/4 + 2)*3. Suppose -3*w = -3*f - 0*w + 141, 3*w + k = 0. What is the tens digit of f?
4
Let y(o) = 4*o**2 + 3*o - 3*o + 2*o - 3*o**2 + 4. Let u be y(-4). Suppose u = 3*c - 5*x + x, x - 20 = -5*c. What is the units digit of c?
4
Let d(q) be the first derivative of -q**4/4 - 11*q**3/3 + 6*q**2 + 15*q + 4. What is the units digit of d(-12)?
5
Let r(h) = 4*h + 1. Let x be r(5). Let l = x + -10. Suppose -2*s = -3*o + l, o + 2 = 5*s - 3. What is the units digit of s?
2
Suppose -a + k = 4*a - 15, 2*a - 3 = k. Suppose 66 = 4*d + a*l + 18, 0 = -2*d - l + 25. What is the tens digit of d?
1
Suppose -10*f - 66 = -13*f. What is the units digit of f?
2
Let k = 2 - 0. Suppose 0 = -z + 4*z + 5*w + 10, -k*w = 2*z. Let p = 8 - z. What is the units digit of p?
3
Let o(d) = 5*d**2 - 1. Let y be o(1). What is the units digit of 2/(-4) - (-46)/y?
1
Suppose 0*m - 4*m = 0. Suppose 0*l + 5*l - 15 = m. Suppose -2*r + 34 = 4*n, -34 = -l*n - 2*r - 8. What is the units digit of n?
8
Suppose f - 5*g = -8, 4*g = -5*f + 15 + 3. Let m be 3*f - (-2 - -3). Suppose -3*a + m*t + 34 = 0, 0*t + t - 4 = -3*a. What is the units digit of a?
3
Suppose 4*n + 5*v - 80 = -n, -v - 98 = -5*n. What is the tens digit of n?
1
Suppose -6*t + 621 = 183. What is the tens digit of t?
7
Let z = -120 + 188. What is the tens digit of z?
6
Suppose a + 2 = 4. Let k = 0 + a. What is the units digit of k?
2
What is the tens digit of (-6)/(-4)*112/12?
1
Let a(o) = o**2 + 8*o + 10. Let l be a(-7). Suppose l*t + 1 = 4. What is the units digit of t?
1
Let c = -95 - -459. What is the units digit of c?
4
Let m(o) = -o**2 - 8*o - 3. Let j be m(-7). Let q(p) = p**3 - 3*p**2 - 5. What is the units digi